{"id":994,"date":"2025-06-25T12:14:06","date_gmt":"2025-06-25T12:14:06","guid":{"rendered":"https:\/\/inoxtechnology.hu\/?page_id=994"},"modified":"2025-06-25T12:14:06","modified_gmt":"2025-06-25T12:14:06","slug":"stahlkonstruktion-fertigung","status":"publish","type":"page","link":"https:\/\/inoxtechnology.hu\/index.php\/de\/stahlkonstruktion-fertigung\/","title":{"rendered":"Stahlkonstruktion Fertigung"},"content":{"rendered":"\n  <div class=\"banner has-hover\" id=\"banner-1939141582\">\n          <div class=\"banner-inner fill\">\n        <div class=\"banner-bg fill\" >\n            <img loading=\"lazy\" decoding=\"async\" width=\"2000\" height=\"1304\" src=\"https:\/\/inoxtechnology.hu\/wp-content\/uploads\/2025\/02\/welder-welding-metal-with-argon-arc-welding-machin-2025-01-29-04-42-32-utc.webp\" class=\"bg attachment-original size-original\" alt=\"\" \/>                        <div class=\"overlay\"><\/div>            \n                    <\/div>\n\t\t\n        <div class=\"banner-layers container\">\n            <div class=\"fill banner-link\"><\/div>            \n   <div id=\"text-box-1767775727\" class=\"text-box banner-layer x10 md-x10 lg-x0 y50 md-y50 lg-y50 res-text\">\n                                <div class=\"text-box-content text dark\">\n              \n              <div class=\"text-inner text-left\">\n                  \n<h2 class=\"uppercase\">Stahlkonstruktion Fertigung<\/h2>\n              <\/div>\n           <\/div>\n                            \n<style>\n#text-box-1767775727 {\n  width: 85%;\n}\n#text-box-1767775727 .text-box-content {\n  font-size: 100%;\n}\n@media (min-width:550px) {\n  #text-box-1767775727 {\n    width: 56%;\n  }\n}\n@media (min-width:850px) {\n  #text-box-1767775727 {\n    width: 56%;\n  }\n}\n<\/style>\n    <\/div>\n \n        <\/div>\n      <\/div>\n\n            \n<style>\n#banner-1939141582 {\n  padding-top: 300px;\n}\n#banner-1939141582 .overlay {\n  background-color: rgba(0,0,0,.5);\n}\n#banner-1939141582 .banner-bg img {\n  object-position: 90% 30%;\n}\n@media (min-width:550px) {\n  #banner-1939141582 {\n    padding-top: 300px;\n  }\n}\n<\/style>\n  <\/div>\n\n\n\t<div id=\"gap-1164775695\" class=\"gap-element clearfix\" style=\"display:block; height:auto;\">\n\t\t\n<style>\n#gap-1164775695 {\n  padding-top: 90px;\n}\n<\/style>\n\t<\/div>\n\t\n\n\t<section class=\"section\" id=\"section_1871544000\">\n\t\t<div class=\"section-bg fill\" >\n\t\t\t\t\t\t\t\t\t\n\t\t\t\n\n\t\t<\/div>\n\n\t\t\n\n\t\t<div class=\"section-content relative\">\n\t\t\t\n<div class=\"row\"  id=\"row-768727579\">\n\n\t<div id=\"col-1752121720\" class=\"col medium-6 small-12 large-6\"  >\n\t\t\t\t<div class=\"col-inner\"  >\n\t\t\t\n\t\t\t\n\t<div id=\"text-2610551764\" class=\"text\">\n\t\t\n<h3>Vorstellung der INOX Technology GmbH im Bereich Stahlkonstruktion-Fertigung<\/h3>\n<p>Die INOX Technology GmbH bietet auch hervorragende Dienstleistungen im Bereich der Stahlkonstruktion-Fertigung, mit besonderem Fokus auf Produkte aus rostfreiem und s\u00e4urebest\u00e4ndigem Stahl. Unser Unternehmen \u00fcbernimmt die Planung, Fertigung und Vor-Ort-Montage von individuellen und seriengefertigten Stahlkonstruktionen und gew\u00e4hrleistet dabei hohe Qualit\u00e4t und Zuverl\u00e4ssigkeit f\u00fcr unsere Kunden.<\/p>\n\t\t\n<style>\n#text-2610551764 {\n  font-size: 1.25rem;\n}\n<\/style>\n\t<\/div>\n\t\n\t<div id=\"gap-1036329594\" class=\"gap-element clearfix\" style=\"display:block; height:auto;\">\n\t\t\n<style>\n#gap-1036329594 {\n  padding-top: 30px;\n}\n<\/style>\n\t<\/div>\n\t\n\t\t<\/div>\n\t\t\t\t\t<\/div>\n\n\t\n\n\t<div id=\"col-338508934\" class=\"col medium-6 small-12 large-6 small-col-first\"  >\n\t\t\t\t<div class=\"col-inner\"  >\n\t\t\t\n\t\t\t\n\n  <div class=\"banner has-hover fancy-banner-right\" id=\"banner-1526120952\">\n          <div class=\"banner-inner fill\">\n        <div class=\"banner-bg fill\" >\n            <img loading=\"lazy\" decoding=\"async\" width=\"2000\" height=\"1304\" src=\"https:\/\/inoxtechnology.hu\/wp-content\/uploads\/2025\/02\/welder-welding-metal-with-argon-arc-welding-machin-2025-01-29-04-42-32-utc.webp\" class=\"bg attachment-original size-original\" alt=\"\" \/>                                    \n                    <\/div>\n\t\t\n        <div class=\"banner-layers container\">\n            <div class=\"fill banner-link\"><\/div>            \n   <div id=\"text-box-1406807892\" class=\"text-box banner-layer x50 md-x50 lg-x50 y50 md-y50 lg-y50 res-text\">\n                                <div class=\"text-box-content text dark\">\n              \n              <div class=\"text-inner text-center\">\n                  \n              <\/div>\n           <\/div>\n                            \n<style>\n#text-box-1406807892 {\n  width: 60%;\n}\n#text-box-1406807892 .text-box-content {\n  font-size: 100%;\n}\n@media (min-width:550px) {\n  #text-box-1406807892 {\n    width: 60%;\n  }\n}\n<\/style>\n    <\/div>\n \n        <\/div>\n      <\/div>\n\n            \n<style>\n#banner-1526120952 {\n  padding-top: 340px;\n  background-color: rgb(255,255,255);\n}\n#banner-1526120952 .banner-bg img {\n  object-position: 54% 100%;\n}\n<\/style>\n  <\/div>\n\n\n\t\t<\/div>\n\t\t\t\t\n<style>\n#col-338508934 > .col-inner {\n  padding: 0px 0px 0px 60px;\n}\n<\/style>\n\t<\/div>\n\n\t\n<\/div>\n\t<div id=\"gap-43151585\" class=\"gap-element clearfix\" style=\"display:block; height:auto;\">\n\t\t\n<style>\n#gap-43151585 {\n  padding-top: 30px;\n}\n<\/style>\n\t<\/div>\n\t\n<div class=\"row\"  id=\"row-1254668964\">\n\n\t<div id=\"col-989550173\" class=\"col medium-6 small-12 large-6\"  >\n\t\t\t\t<div class=\"col-inner\"  >\n\t\t\t\n\t\t\t\n\n  <div class=\"banner has-hover fancy-banner-right\" id=\"banner-1458505996\">\n          <div class=\"banner-inner fill\">\n        <div class=\"banner-bg fill\" >\n            <img loading=\"lazy\" decoding=\"async\" width=\"600\" height=\"399\" src=\"https:\/\/inoxtechnology.hu\/wp-content\/uploads\/2025\/02\/134509_pic_600x500.webp\" class=\"bg attachment-original size-original\" alt=\"\" \/>                                    \n                    <\/div>\n\t\t\n        <div class=\"banner-layers container\">\n            <div class=\"fill banner-link\"><\/div>            \n   <div id=\"text-box-2058453893\" class=\"text-box banner-layer x50 md-x50 lg-x50 y50 md-y50 lg-y50 res-text\">\n                                <div class=\"text-box-content text dark\">\n              \n              <div class=\"text-inner text-center\">\n                  \n              <\/div>\n           <\/div>\n                            \n<style>\n#text-box-2058453893 {\n  width: 60%;\n}\n#text-box-2058453893 .text-box-content {\n  font-size: 100%;\n}\n@media (min-width:550px) {\n  #text-box-2058453893 {\n    width: 60%;\n  }\n}\n<\/style>\n    <\/div>\n \n        <\/div>\n      <\/div>\n\n            \n<style>\n#banner-1458505996 {\n  padding-top: 340px;\n  background-color: rgb(255,255,255);\n}\n#banner-1458505996 .banner-bg img {\n  object-position: 58% 100%;\n}\n<\/style>\n  <\/div>\n\n\n\t\t<\/div>\n\t\t\t\t\n<style>\n#col-989550173 > .col-inner {\n  padding: 0px 60px 0px 0px;\n}\n<\/style>\n\t<\/div>\n\n\t\n\n\t<div id=\"col-1405140119\" class=\"col medium-6 small-12 large-6\"  >\n\t\t\t\t<div class=\"col-inner\"  >\n\t\t\t\n\t\t\t\n\t<div id=\"text-2379409679\" class=\"text\">\n\t\t\n<h3>Ausf\u00fchrung von Heizsystemen f\u00fcr Industriehallen<\/h3>\n<p>Zu unseren Dienstleistungen geh\u00f6rt die Ausf\u00fchrung von Heizsystemen f\u00fcr Industriehallen, einschlie\u00dflich der Installation und des Austauschs von Dunkelstrahlern und Hei\u00dfluftgebl\u00e4sen sowie der Fertigung und Installation ihrer Tragstrukturen.<\/p>\n\t\t\n<style>\n#text-2379409679 {\n  font-size: 1.25rem;\n}\n<\/style>\n\t<\/div>\n\t\n\t<div id=\"gap-1440770427\" class=\"gap-element clearfix\" style=\"display:block; height:auto;\">\n\t\t\n<style>\n#gap-1440770427 {\n  padding-top: 30px;\n}\n<\/style>\n\t<\/div>\n\t\n\t\t<\/div>\n\t\t\t\t\t<\/div>\n\n\t\n<\/div>\n\t<div id=\"gap-1333294283\" class=\"gap-element clearfix\" style=\"display:block; height:auto;\">\n\t\t\n<style>\n#gap-1333294283 {\n  padding-top: 30px;\n}\n<\/style>\n\t<\/div>\n\t\n<div class=\"row\"  id=\"row-607790673\">\n\n\t<div id=\"col-1334267160\" class=\"col medium-6 small-12 large-6\"  >\n\t\t\t\t<div class=\"col-inner\"  >\n\t\t\t\n\t\t\t\n\t<div id=\"text-3004584909\" class=\"text\">\n\t\t\n<h3>Verschiedene Schwei\u00dfverfahren und technologische Kapazit\u00e4t<\/h3>\n<p>Unsere technologische Kapazit\u00e4t erm\u00f6glicht die Anwendung verschiedener Schwei\u00dfverfahren, wie zum Beispiel MIG, TIG, AVI und AFI, auch in Form von zertifiziertem Schwei\u00dfen. Dar\u00fcber hinaus \u00fcbernehmen wir auch die Fertigung von Kohlenstoffstahl-Produkten mit CO2-Schutzgas- und Elektrodenschwei\u00dfverfahren, auch mit Vor-Ort-Ausf\u00fchrung.<\/p>\n\t\t\n<style>\n#text-3004584909 {\n  font-size: 1.25rem;\n}\n<\/style>\n\t<\/div>\n\t\n\t<div id=\"gap-83404296\" class=\"gap-element clearfix\" style=\"display:block; height:auto;\">\n\t\t\n<style>\n#gap-83404296 {\n  padding-top: 30px;\n}\n<\/style>\n\t<\/div>\n\t\n\t\t<\/div>\n\t\t\t\t\t<\/div>\n\n\t\n\n\t<div id=\"col-537749397\" class=\"col medium-6 small-12 large-6 small-col-first\"  >\n\t\t\t\t<div class=\"col-inner\"  >\n\t\t\t\n\t\t\t\n\n  <div class=\"banner has-hover fancy-banner-right\" id=\"banner-452228393\">\n          <div class=\"banner-inner fill\">\n        <div class=\"banner-bg fill\" >\n            <img loading=\"lazy\" decoding=\"async\" width=\"812\" height=\"739\" src=\"https:\/\/inoxtechnology.hu\/wp-content\/uploads\/2024\/12\/pakole-1.jpg\" class=\"bg attachment-original size-original\" alt=\"\" \/>                                    \n                    <\/div>\n\t\t\n        <div class=\"banner-layers container\">\n            <div class=\"fill banner-link\"><\/div>            \n   <div id=\"text-box-1827497623\" class=\"text-box banner-layer x50 md-x50 lg-x50 y50 md-y50 lg-y50 res-text\">\n                                <div class=\"text-box-content text dark\">\n              \n              <div class=\"text-inner text-center\">\n                  \n              <\/div>\n           <\/div>\n                            \n<style>\n#text-box-1827497623 {\n  width: 60%;\n}\n#text-box-1827497623 .text-box-content {\n  font-size: 100%;\n}\n@media (min-width:550px) {\n  #text-box-1827497623 {\n    width: 60%;\n  }\n}\n<\/style>\n    <\/div>\n \n        <\/div>\n      <\/div>\n\n            \n<style>\n#banner-452228393 {\n  padding-top: 340px;\n  background-color: rgb(255,255,255);\n}\n#banner-452228393 .banner-bg img {\n  object-position: 74% 70%;\n}\n<\/style>\n  <\/div>\n\n\n\t\t<\/div>\n\t\t\t\t\n<style>\n#col-537749397 > .col-inner {\n  padding: 0px 0px 0px 60px;\n}\n<\/style>\n\t<\/div>\n\n\t\n<\/div>\n\t<div id=\"gap-1921391536\" class=\"gap-element clearfix\" style=\"display:block; height:auto;\">\n\t\t\n<style>\n#gap-1921391536 {\n  padding-top: 30px;\n}\n<\/style>\n\t<\/div>\n\t\n<div class=\"row\"  id=\"row-1484108761\">\n\n\t<div id=\"col-931637066\" class=\"col medium-6 small-12 large-6\"  >\n\t\t\t\t<div class=\"col-inner\"  >\n\t\t\t\n\t\t\t\n\n  <div class=\"banner has-hover fancy-banner-right\" id=\"banner-1276803192\">\n          <div class=\"banner-inner fill\">\n        <div class=\"banner-bg fill\" >\n            <img loading=\"lazy\" decoding=\"async\" width=\"600\" height=\"453\" src=\"https:\/\/inoxtechnology.hu\/wp-content\/uploads\/2025\/02\/289867_pic_600x500.webp\" class=\"bg attachment-original size-original\" alt=\"\" \/>                                    \n                    <\/div>\n\t\t\n        <div class=\"banner-layers container\">\n            <div class=\"fill banner-link\"><\/div>            \n   <div id=\"text-box-1133231115\" class=\"text-box banner-layer x50 md-x50 lg-x50 y50 md-y50 lg-y50 res-text\">\n                                <div class=\"text-box-content text dark\">\n              \n              <div class=\"text-inner text-center\">\n                  \n              <\/div>\n           <\/div>\n                            \n<style>\n#text-box-1133231115 {\n  width: 60%;\n}\n#text-box-1133231115 .text-box-content {\n  font-size: 100%;\n}\n@media (min-width:550px) {\n  #text-box-1133231115 {\n    width: 60%;\n  }\n}\n<\/style>\n    <\/div>\n \n        <\/div>\n      <\/div>\n\n            \n<style>\n#banner-1276803192 {\n  padding-top: 340px;\n  background-color: rgb(255,255,255);\n}\n#banner-1276803192 .banner-bg img {\n  object-position: 70% 67%;\n}\n<\/style>\n  <\/div>\n\n\n\t\t<\/div>\n\t\t\t\t\n<style>\n#col-931637066 > .col-inner {\n  padding: 0px 60px 0px 0px;\n}\n<\/style>\n\t<\/div>\n\n\t\n\n\t<div id=\"col-1502221404\" class=\"col medium-6 small-12 large-6\"  >\n\t\t\t\t<div class=\"col-inner\"  >\n\t\t\t\n\t\t\t\n\t<div id=\"text-842278943\" class=\"text\">\n\t\t\n<h3>Schneller und pr\u00e4ziser Service mit kundenorientierten L\u00f6sungen<\/h3>\n<p>Unser Unternehmen ist dem schnellen und pr\u00e4zisen Service verpflichtet und passt sich flexibel an die Bed\u00fcrfnisse und Termine unserer Partner an. Durch unsere kundenorientierten L\u00f6sungen bieten wir einzigartige und ma\u00dfgeschneiderte Produkte, die besonderen Anforderungen entsprechen und zum Erfolg unserer Partner beitragen.<\/p>\n\t\t\n<style>\n#text-842278943 {\n  font-size: 1.25rem;\n}\n<\/style>\n\t<\/div>\n\t\n\t<div id=\"gap-1338922680\" class=\"gap-element clearfix\" style=\"display:block; height:auto;\">\n\t\t\n<style>\n#gap-1338922680 {\n  padding-top: 30px;\n}\n<\/style>\n\t<\/div>\n\t\n\t\t<\/div>\n\t\t\t\t\t<\/div>\n\n\t\n<\/div>\n\t<div id=\"gap-1766848478\" class=\"gap-element clearfix\" style=\"display:block; height:auto;\">\n\t\t\n<style>\n#gap-1766848478 {\n  padding-top: 30px;\n}\n<\/style>\n\t<\/div>\n\t\n<div class=\"row\"  id=\"row-1356893753\">\n\n\t<div id=\"col-196409016\" class=\"col medium-6 small-12 large-6\"  >\n\t\t\t\t<div class=\"col-inner\"  >\n\t\t\t\n\t\t\t\n\t<div id=\"text-2532246610\" class=\"text\">\n\t\t\n<h3>Kontaktieren Sie uns mit Ihren Stahlkonstruktion-Anforderungen<\/h3>\n<p>Wenn Sie zuverl\u00e4ssige und hochwertige Stahlkonstruktionen ben\u00f6tigen, ist die INOX Technology GmbH die richtige Wahl. Kontaktieren Sie uns, damit wir Ihre Vorstellungen gemeinsam verwirklichen k\u00f6nnen.<\/p>\n\t\t\n<style>\n#text-2532246610 {\n  font-size: 1.25rem;\n}\n<\/style>\n\t<\/div>\n\t\n\t<div id=\"gap-1898301519\" class=\"gap-element clearfix\" style=\"display:block; height:auto;\">\n\t\t\n<style>\n#gap-1898301519 {\n  padding-top: 30px;\n}\n<\/style>\n\t<\/div>\n\t\n\t\t<\/div>\n\t\t\t\t\t<\/div>\n\n\t\n\n\t<div id=\"col-1527110127\" class=\"col medium-6 small-12 large-6 small-col-first\"  >\n\t\t\t\t<div class=\"col-inner\"  >\n\t\t\t\n\t\t\t\n\n  <div class=\"banner has-hover fancy-banner-right\" id=\"banner-30992116\">\n          <div class=\"banner-inner fill\">\n        <div class=\"banner-bg fill\" >\n            <img loading=\"lazy\" decoding=\"async\" width=\"600\" height=\"360\" src=\"https:\/\/inoxtechnology.hu\/wp-content\/uploads\/2025\/02\/257629_pic_600x500.webp\" class=\"bg attachment-original size-original\" alt=\"\" \/>                                    \n                    <\/div>\n\t\t\n        <div class=\"banner-layers container\">\n            <div class=\"fill banner-link\"><\/div>            \n   <div id=\"text-box-881286307\" class=\"text-box banner-layer x50 md-x50 lg-x50 y50 md-y50 lg-y50 res-text\">\n                                <div class=\"text-box-content text dark\">\n              \n              <div class=\"text-inner text-center\">\n                  \n              <\/div>\n           <\/div>\n                            \n<style>\n#text-box-881286307 {\n  width: 60%;\n}\n#text-box-881286307 .text-box-content {\n  font-size: 100%;\n}\n@media (min-width:550px) {\n  #text-box-881286307 {\n    width: 60%;\n  }\n}\n<\/style>\n    <\/div>\n \n        <\/div>\n      <\/div>\n\n            \n<style>\n#banner-30992116 {\n  padding-top: 340px;\n  background-color: rgb(255,255,255);\n}\n#banner-30992116 .banner-bg img {\n  object-position: 54% 100%;\n}\n<\/style>\n  <\/div>\n\n\n\t\t<\/div>\n\t\t\t\t\n<style>\n#col-1527110127 > .col-inner {\n  padding: 0px 0px 0px 60px;\n}\n<\/style>\n\t<\/div>\n\n\t\n<\/div>\n\t<div id=\"gap-1284473031\" class=\"gap-element clearfix\" style=\"display:block; height:auto;\">\n\t\t\n<style>\n#gap-1284473031 {\n  padding-top: 30px;\n}\n<\/style>\n\t<\/div>\n\t\n\t<div id=\"gap-661343841\" class=\"gap-element clearfix\" style=\"display:block; height:auto;\">\n\t\t\n<style>\n#gap-661343841 {\n  padding-top: 30px;\n}\n<\/style>\n\t<\/div>\n\t\n\t\t<\/div>\n\n\t\t\n<style>\n#section_1871544000 {\n  padding-top: 0px;\n  padding-bottom: 0px;\n}\n<\/style>\n\t<\/section>\n\t\n\n","protected":false},"excerpt":{"rendered":"","protected":false},"author":1,"featured_media":0,"parent":0,"menu_order":0,"comment_status":"closed","ping_status":"closed","template":"page-blank.php","meta":{"footnotes":""},"class_list":["post-994","page","type-page","status-publish","hentry"],"_links":{"self":[{"href":"https:\/\/inoxtechnology.hu\/index.php\/wp-json\/wp\/v2\/pages\/994","targetHints":{"allow":["GET"]}}],"collection":[{"href":"https:\/\/inoxtechnology.hu\/index.php\/wp-json\/wp\/v2\/pages"}],"about":[{"href":"https:\/\/inoxtechnology.hu\/index.php\/wp-json\/wp\/v2\/types\/page"}],"author":[{"embeddable":true,"href":"https:\/\/inoxtechnology.hu\/index.php\/wp-json\/wp\/v2\/users\/1"}],"replies":[{"embeddable":true,"href":"https:\/\/inoxtechnology.hu\/index.php\/wp-json\/wp\/v2\/comments?post=994"}],"version-history":[{"count":1,"href":"https:\/\/inoxtechnology.hu\/index.php\/wp-json\/wp\/v2\/pages\/994\/revisions"}],"predecessor-version":[{"id":996,"href":"https:\/\/inoxtechnology.hu\/index.php\/wp-json\/wp\/v2\/pages\/994\/revisions\/996"}],"wp:attachment":[{"href":"https:\/\/inoxtechnology.hu\/index.php\/wp-json\/wp\/v2\/media?parent=994"}],"curies":[{"name":"wp","href":"https:\/\/api.w.org\/{rel}","templated":true}]}}