{"id":992,"date":"2025-06-25T12:15:05","date_gmt":"2025-06-25T12:15:05","guid":{"rendered":"https:\/\/inoxtechnology.hu\/?page_id=992"},"modified":"2025-06-25T12:15:05","modified_gmt":"2025-06-25T12:15:05","slug":"ueber-uns","status":"publish","type":"page","link":"https:\/\/inoxtechnology.hu\/index.php\/de\/ueber-uns\/","title":{"rendered":"\u00dcber uns"},"content":{"rendered":"\n  <div class=\"banner has-hover\" id=\"banner-1502381883\">\n          <div class=\"banner-inner fill\">\n        <div class=\"banner-bg fill\" >\n            <img loading=\"lazy\" decoding=\"async\" width=\"2000\" height=\"1000\" src=\"https:\/\/inoxtechnology.hu\/wp-content\/uploads\/2025\/02\/team-engineer-man-working-with-laptop-and-inspecti-2025-01-10-12-43-16-utc.webp\" class=\"bg attachment-original size-original\" alt=\"\" \/>                        <div class=\"overlay\"><\/div>            \n                    <\/div>\n\t\t\n        <div class=\"banner-layers container\">\n            <div class=\"fill banner-link\"><\/div>            \n   <div id=\"text-box-664984718\" class=\"text-box banner-layer x0 md-x0 lg-x0 y50 md-y50 lg-y50 res-text\">\n                                <div class=\"text-box-content text dark\">\n              \n              <div class=\"text-inner text-left\">\n                  \n<h2 class=\"uppercase\"><strong>\u00dcber uns<\/strong><\/h2>\n              <\/div>\n           <\/div>\n                            \n<style>\n#text-box-664984718 {\n  width: 85%;\n}\n#text-box-664984718 .text-box-content {\n  font-size: 100%;\n}\n@media (min-width:550px) {\n  #text-box-664984718 {\n    width: 50%;\n  }\n}\n<\/style>\n    <\/div>\n \n        <\/div>\n      <\/div>\n\n            \n<style>\n#banner-1502381883 {\n  padding-top: 300px;\n}\n#banner-1502381883 .overlay {\n  background-color: rgba(0,0,0,.5);\n}\n#banner-1502381883 .banner-bg img {\n  object-position: 86% 76%;\n}\n@media (min-width:550px) {\n  #banner-1502381883 {\n    padding-top: 300px;\n  }\n}\n<\/style>\n  <\/div>\n\n\n\t<div id=\"gap-1858398303\" class=\"gap-element clearfix\" style=\"display:block; height:auto;\">\n\t\t\n<style>\n#gap-1858398303 {\n  padding-top: 60px;\n}\n<\/style>\n\t<\/div>\n\t\n\n\t<section class=\"section\" id=\"section_971627283\">\n\t\t<div class=\"section-bg fill\" >\n\t\t\t\t\t\t\t\t\t\n\t\t\t\n\n\t\t<\/div>\n\n\t\t\n\n\t\t<div class=\"section-content relative\">\n\t\t\t\n<div class=\"row\"  id=\"row-1117008401\">\n\n\t<div id=\"col-1147377870\" class=\"col small-12 large-12\"  >\n\t\t\t\t<div class=\"col-inner\"  >\n\t\t\t\n\t\t\t\n\t<div id=\"text-1816461103\" class=\"text\">\n\t\t\n<h1>Ihr Erfolg ist unser Engagement<\/h1>\n<p>Die INOX Technology GmbH ist als Hersteller und Bauunternehmer im Bereich Schlosserei und Industriemaschinenbau auf dem Markt pr\u00e4sent. Unsere Produktion konzentriert sich haupts\u00e4chlich auf rostfreie (INOX) Produkte und besch\u00e4ftigt sich mit der Planung von verwandten Schlosserstrukturen. Wir \u00fcbernehmen die Herstellung und Installation von individuellen und gro\u00dfseriellen Produkten. Unsere Produkte fertigen wir haupts\u00e4chlich f\u00fcr industrielle Anwendungen, aber teilweise auch f\u00fcr private Nutzung.<\/p>\n\t\t\n<style>\n#text-1816461103 {\n  font-size: 1.25rem;\n  text-align: center;\n}\n<\/style>\n\t<\/div>\n\t\n\t<div id=\"gap-1059043133\" class=\"gap-element clearfix\" style=\"display:block; height:auto;\">\n\t\t\n<style>\n#gap-1059043133 {\n  padding-top: 30px;\n}\n<\/style>\n\t<\/div>\n\t\n\t\t<\/div>\n\t\t\t\t\t<\/div>\n\n\t\n<\/div>\n<div class=\"row\"  id=\"row-823074728\">\n\n\t<div id=\"col-755184117\" class=\"col medium-6 small-12 large-6\"  >\n\t\t\t\t<div class=\"col-inner\"  >\n\t\t\t\n\t\t\t\n<h3>Unsere Mission und Werte<\/h3>\n<p>Unser Ziel ist es, unseren Kunden hochwertige, langlebige und zuverl\u00e4ssige Edelstahlprodukte zu bieten, die auch den strengsten industriellen Anforderungen entsprechen. Wir sind der Kreativit\u00e4t, Zuverl\u00e4ssigkeit und Langlebigkeit verpflichtet, die die grundlegenden Eigenschaften von INOX-Produkten sind.<\/p>\n\t<div id=\"gap-1757669006\" class=\"gap-element clearfix\" style=\"display:block; height:auto;\">\n\t\t\n<style>\n#gap-1757669006 {\n  padding-top: 30px;\n}\n<\/style>\n\t<\/div>\n\t\n\t\t<\/div>\n\t\t\t\t\t<\/div>\n\n\t\n\n\t<div id=\"col-497674822\" class=\"col medium-6 small-12 large-6\"  >\n\t\t\t\t<div class=\"col-inner\"  >\n\t\t\t\n\t\t\t\n\n  <div class=\"banner has-hover fancy-banner-right\" id=\"banner-624763165\">\n          <div class=\"banner-inner fill\">\n        <div class=\"banner-bg fill\" >\n            <img loading=\"lazy\" decoding=\"async\" width=\"2000\" height=\"1333\" src=\"https:\/\/inoxtechnology.hu\/wp-content\/uploads\/2025\/02\/shallow-focus-of-a-welder-wearing-a-protective-hel-2023-11-27-05-27-52-utc.webp\" class=\"bg attachment-original size-original\" alt=\"\" \/>                                    \n                    <\/div>\n\t\t\n        <div class=\"banner-layers container\">\n            <div class=\"fill banner-link\"><\/div>            \n   <div id=\"text-box-1983550651\" class=\"text-box banner-layer x50 md-x50 lg-x50 y50 md-y50 lg-y50 res-text\">\n                                <div class=\"text-box-content text dark\">\n              \n              <div class=\"text-inner text-center\">\n                  \n              <\/div>\n           <\/div>\n                            \n<style>\n#text-box-1983550651 {\n  width: 60%;\n}\n#text-box-1983550651 .text-box-content {\n  font-size: 100%;\n}\n@media (min-width:550px) {\n  #text-box-1983550651 {\n    width: 60%;\n  }\n}\n<\/style>\n    <\/div>\n \n        <\/div>\n      <\/div>\n\n            \n<style>\n#banner-624763165 {\n  padding-top: 340px;\n  background-color: rgb(255,255,255);\n}\n#banner-624763165 .banner-bg img {\n  object-position: 50% 50%;\n}\n<\/style>\n  <\/div>\n\n\n\t\t<\/div>\n\t\t\t\t\t<\/div>\n\n\t\n<\/div>\n\t<div id=\"gap-704655376\" class=\"gap-element clearfix\" style=\"display:block; height:auto;\">\n\t\t\n<style>\n#gap-704655376 {\n  padding-top: 30px;\n}\n<\/style>\n\t<\/div>\n\t\n<div class=\"row\"  id=\"row-1770622695\">\n\n\t<div id=\"col-578978812\" class=\"col medium-6 small-12 large-6\"  >\n\t\t\t\t<div class=\"col-inner\"  >\n\t\t\t\n\t\t\t\n\n  <div class=\"banner has-hover fancy-banner-right\" id=\"banner-246199403\">\n          <div class=\"banner-inner fill\">\n        <div class=\"banner-bg fill\" >\n            <img loading=\"lazy\" decoding=\"async\" width=\"600\" height=\"307\" src=\"https:\/\/inoxtechnology.hu\/wp-content\/uploads\/2025\/02\/134508_pic_600x500.webp\" class=\"bg attachment-original size-original\" alt=\"\" \/>                                    \n                    <\/div>\n\t\t\n        <div class=\"banner-layers container\">\n            <div class=\"fill banner-link\"><\/div>            \n   <div id=\"text-box-1604224453\" class=\"text-box banner-layer x50 md-x50 lg-x50 y50 md-y50 lg-y50 res-text\">\n                                <div class=\"text-box-content text dark\">\n              \n              <div class=\"text-inner text-center\">\n                  \n              <\/div>\n           <\/div>\n                            \n<style>\n#text-box-1604224453 {\n  width: 60%;\n}\n#text-box-1604224453 .text-box-content {\n  font-size: 100%;\n}\n@media (min-width:550px) {\n  #text-box-1604224453 {\n    width: 60%;\n  }\n}\n<\/style>\n    <\/div>\n \n        <\/div>\n      <\/div>\n\n            \n<style>\n#banner-246199403 {\n  padding-top: 340px;\n  background-color: rgb(255,255,255);\n}\n#banner-246199403 .banner-bg img {\n  object-position: 61% 60%;\n}\n<\/style>\n  <\/div>\n\n\n\t\t<\/div>\n\t\t\t\t\t<\/div>\n\n\t\n\n\t<div id=\"col-869749278\" class=\"col medium-6 small-12 large-6\"  >\n\t\t\t\t<div class=\"col-inner\"  >\n\t\t\t\n\t\t\t\n<h3>Kontakt und Erreichbarkeit<\/h3>\n<p data-start=\"883\" data-end=\"982\">Unser Hauptsitz befindet sich in Sz\u00e9kesfeh\u00e9rv\u00e1r, wo wir unsere Kunden auch pers\u00f6nlich empfangen. Unsere Kontaktdaten:<\/p>\n<ul data-start=\"984\" data-end=\"1157\">\n<li data-start=\"984\" data-end=\"1029\">Telefon: +36-20\/9-315-313, +36-70\/4-085-476<\/li>\n<li data-start=\"1030\" data-end=\"1091\">E-Mail: <a rel=\"noopener\" data-start=\"1040\" data-end=\"1062\">inox@inoxtechnology.hu<\/a>, <a rel=\"noopener\" data-start=\"1064\" data-end=\"1091\">inoxtechnologykft@gmail.com<\/a><\/li>\n<li data-start=\"1092\" data-end=\"1157\">B\u00fcro\/Kundenempfang: 8000 Sz\u00e9kesfeh\u00e9rv\u00e1r, R\u00e1ba utca\/K\u00f6r\u00f6si utca<\/li>\n<\/ul>\n<p data-start=\"1159\" data-end=\"1390\">\u00d6ffnungszeiten: Montag bis Donnerstag 8:00\u201316:00, Freitag 8:00\u201315:00. F\u00fcr weitere Informationen besuchen Sie bitte unsere Website oder kontaktieren Sie uns \u00fcber eine der oben genannten Kontaktm\u00f6glichkeiten.<\/p>\n<\/p>\n\t\t<\/div>\n\t\t\t\t\t<\/div>\n\n\t\n<\/div>\n\t<div id=\"gap-147145488\" class=\"gap-element clearfix\" style=\"display:block; height:auto;\">\n\t\t\n<style>\n#gap-147145488 {\n  padding-top: 30px;\n}\n<\/style>\n\t<\/div>\n\t\n\t\t<\/div>\n\n\t\t\n<style>\n#section_971627283 {\n  padding-top: 20px 0px 0px 0px;\n  padding-bottom: 20px 0px 0px 0px;\n}\n<\/style>\n\t<\/section>\n\t\n","protected":false},"excerpt":{"rendered":"","protected":false},"author":1,"featured_media":0,"parent":0,"menu_order":0,"comment_status":"closed","ping_status":"closed","template":"page-blank.php","meta":{"footnotes":""},"class_list":["post-992","page","type-page","status-publish","hentry"],"_links":{"self":[{"href":"https:\/\/inoxtechnology.hu\/index.php\/wp-json\/wp\/v2\/pages\/992","targetHints":{"allow":["GET"]}}],"collection":[{"href":"https:\/\/inoxtechnology.hu\/index.php\/wp-json\/wp\/v2\/pages"}],"about":[{"href":"https:\/\/inoxtechnology.hu\/index.php\/wp-json\/wp\/v2\/types\/page"}],"author":[{"embeddable":true,"href":"https:\/\/inoxtechnology.hu\/index.php\/wp-json\/wp\/v2\/users\/1"}],"replies":[{"embeddable":true,"href":"https:\/\/inoxtechnology.hu\/index.php\/wp-json\/wp\/v2\/comments?post=992"}],"version-history":[{"count":1,"href":"https:\/\/inoxtechnology.hu\/index.php\/wp-json\/wp\/v2\/pages\/992\/revisions"}],"predecessor-version":[{"id":998,"href":"https:\/\/inoxtechnology.hu\/index.php\/wp-json\/wp\/v2\/pages\/992\/revisions\/998"}],"wp:attachment":[{"href":"https:\/\/inoxtechnology.hu\/index.php\/wp-json\/wp\/v2\/media?parent=992"}],"curies":[{"name":"wp","href":"https:\/\/api.w.org\/{rel}","templated":true}]}}