{"id":963,"date":"2025-06-25T12:01:36","date_gmt":"2025-06-25T12:01:36","guid":{"rendered":"https:\/\/inoxtechnology.hu\/?page_id=963"},"modified":"2025-06-25T12:03:12","modified_gmt":"2025-06-25T12:03:12","slug":"about-us","status":"publish","type":"page","link":"https:\/\/inoxtechnology.hu\/index.php\/en\/about-us\/","title":{"rendered":"About Us"},"content":{"rendered":"\n  <div class=\"banner has-hover\" id=\"banner-545056606\">\n          <div class=\"banner-inner fill\">\n        <div class=\"banner-bg fill\" >\n            <img loading=\"lazy\" decoding=\"async\" width=\"2000\" height=\"1000\" src=\"https:\/\/inoxtechnology.hu\/wp-content\/uploads\/2025\/02\/team-engineer-man-working-with-laptop-and-inspecti-2025-01-10-12-43-16-utc.webp\" class=\"bg attachment-original size-original\" alt=\"\" \/>                        <div class=\"overlay\"><\/div>            \n                    <\/div>\n\t\t\n        <div class=\"banner-layers container\">\n            <div class=\"fill banner-link\"><\/div>            \n   <div id=\"text-box-604284653\" class=\"text-box banner-layer x0 md-x0 lg-x0 y50 md-y50 lg-y50 res-text\">\n                                <div class=\"text-box-content text dark\">\n              \n              <div class=\"text-inner text-left\">\n                  \n<h2 class=\"uppercase\"><strong>About Us<\/strong><\/h2>\n              <\/div>\n           <\/div>\n                            \n<style>\n#text-box-604284653 {\n  width: 85%;\n}\n#text-box-604284653 .text-box-content {\n  font-size: 100%;\n}\n@media (min-width:550px) {\n  #text-box-604284653 {\n    width: 50%;\n  }\n}\n<\/style>\n    <\/div>\n \n        <\/div>\n      <\/div>\n\n            \n<style>\n#banner-545056606 {\n  padding-top: 300px;\n}\n#banner-545056606 .overlay {\n  background-color: rgba(0,0,0,.5);\n}\n#banner-545056606 .banner-bg img {\n  object-position: 86% 76%;\n}\n@media (min-width:550px) {\n  #banner-545056606 {\n    padding-top: 300px;\n  }\n}\n<\/style>\n  <\/div>\n\n\n\t<div id=\"gap-236529367\" class=\"gap-element clearfix\" style=\"display:block; height:auto;\">\n\t\t\n<style>\n#gap-236529367 {\n  padding-top: 60px;\n}\n<\/style>\n\t<\/div>\n\t\n\n\t<section class=\"section\" id=\"section_1853819664\">\n\t\t<div class=\"section-bg fill\" >\n\t\t\t\t\t\t\t\t\t\n\t\t\t\n\n\t\t<\/div>\n\n\t\t\n\n\t\t<div class=\"section-content relative\">\n\t\t\t\n<div class=\"row\"  id=\"row-151750555\">\n\n\t<div id=\"col-657175769\" class=\"col small-12 large-12\"  >\n\t\t\t\t<div class=\"col-inner\"  >\n\t\t\t\n\t\t\t\n\t<div id=\"text-2854583964\" class=\"text\">\n\t\t\n<h1>Your success is our commitment<\/h1>\n<p>INOX Technology Ltd. is present in the market as a manufacturer and contractor in the locksmith industry and industrial engineering. Our production primarily focuses on stainless steel (INOX) products and deals with the design of related locksmith structures. We undertake the manufacturing and installation of custom and large-series products. We manufacture our products primarily for industrial use, but we also produce partly for residential use.<\/p>\n\t\t\n<style>\n#text-2854583964 {\n  font-size: 1.25rem;\n  text-align: center;\n}\n<\/style>\n\t<\/div>\n\t\n\t<div id=\"gap-1660224273\" class=\"gap-element clearfix\" style=\"display:block; height:auto;\">\n\t\t\n<style>\n#gap-1660224273 {\n  padding-top: 30px;\n}\n<\/style>\n\t<\/div>\n\t\n\t\t<\/div>\n\t\t\t\t\t<\/div>\n\n\t\n<\/div>\n<div class=\"row\"  id=\"row-1808208557\">\n\n\t<div id=\"col-2122694428\" class=\"col medium-6 small-12 large-6\"  >\n\t\t\t\t<div class=\"col-inner\"  >\n\t\t\t\n\t\t\t\n<h3>Our mission and values<\/h3>\n<p>Our goal is to provide our customers with high-quality, durable and reliable stainless steel products that meet even the strictest industrial requirements. We are committed to creativity, reliability and durability, which are the fundamental characteristics of INOX products.<\/p>\n\t<div id=\"gap-1817022362\" class=\"gap-element clearfix\" style=\"display:block; height:auto;\">\n\t\t\n<style>\n#gap-1817022362 {\n  padding-top: 30px;\n}\n<\/style>\n\t<\/div>\n\t\n\t\t<\/div>\n\t\t\t\t\t<\/div>\n\n\t\n\n\t<div id=\"col-1720003705\" class=\"col medium-6 small-12 large-6\"  >\n\t\t\t\t<div class=\"col-inner\"  >\n\t\t\t\n\t\t\t\n\n  <div class=\"banner has-hover fancy-banner-right\" id=\"banner-425481138\">\n          <div class=\"banner-inner fill\">\n        <div class=\"banner-bg fill\" >\n            <img loading=\"lazy\" decoding=\"async\" width=\"2000\" height=\"1333\" src=\"https:\/\/inoxtechnology.hu\/wp-content\/uploads\/2025\/02\/shallow-focus-of-a-welder-wearing-a-protective-hel-2023-11-27-05-27-52-utc.webp\" class=\"bg attachment-original size-original\" alt=\"\" \/>                                    \n                    <\/div>\n\t\t\n        <div class=\"banner-layers container\">\n            <div class=\"fill banner-link\"><\/div>            \n   <div id=\"text-box-1998133934\" class=\"text-box banner-layer x50 md-x50 lg-x50 y50 md-y50 lg-y50 res-text\">\n                                <div class=\"text-box-content text dark\">\n              \n              <div class=\"text-inner text-center\">\n                  \n              <\/div>\n           <\/div>\n                            \n<style>\n#text-box-1998133934 {\n  width: 60%;\n}\n#text-box-1998133934 .text-box-content {\n  font-size: 100%;\n}\n@media (min-width:550px) {\n  #text-box-1998133934 {\n    width: 60%;\n  }\n}\n<\/style>\n    <\/div>\n \n        <\/div>\n      <\/div>\n\n            \n<style>\n#banner-425481138 {\n  padding-top: 340px;\n  background-color: rgb(255,255,255);\n}\n#banner-425481138 .banner-bg img {\n  object-position: 50% 50%;\n}\n<\/style>\n  <\/div>\n\n\n\t\t<\/div>\n\t\t\t\t\t<\/div>\n\n\t\n<\/div>\n\t<div id=\"gap-8716177\" class=\"gap-element clearfix\" style=\"display:block; height:auto;\">\n\t\t\n<style>\n#gap-8716177 {\n  padding-top: 30px;\n}\n<\/style>\n\t<\/div>\n\t\n<div class=\"row\"  id=\"row-1187364302\">\n\n\t<div id=\"col-1650938963\" class=\"col medium-6 small-12 large-6\"  >\n\t\t\t\t<div class=\"col-inner\"  >\n\t\t\t\n\t\t\t\n\n  <div class=\"banner has-hover fancy-banner-right\" id=\"banner-1921055891\">\n          <div class=\"banner-inner fill\">\n        <div class=\"banner-bg fill\" >\n            <img loading=\"lazy\" decoding=\"async\" width=\"600\" height=\"307\" src=\"https:\/\/inoxtechnology.hu\/wp-content\/uploads\/2025\/02\/134508_pic_600x500.webp\" class=\"bg attachment-original size-original\" alt=\"\" \/>                                    \n                    <\/div>\n\t\t\n        <div class=\"banner-layers container\">\n            <div class=\"fill banner-link\"><\/div>            \n   <div id=\"text-box-786936030\" class=\"text-box banner-layer x50 md-x50 lg-x50 y50 md-y50 lg-y50 res-text\">\n                                <div class=\"text-box-content text dark\">\n              \n              <div class=\"text-inner text-center\">\n                  \n              <\/div>\n           <\/div>\n                            \n<style>\n#text-box-786936030 {\n  width: 60%;\n}\n#text-box-786936030 .text-box-content {\n  font-size: 100%;\n}\n@media (min-width:550px) {\n  #text-box-786936030 {\n    width: 60%;\n  }\n}\n<\/style>\n    <\/div>\n \n        <\/div>\n      <\/div>\n\n            \n<style>\n#banner-1921055891 {\n  padding-top: 340px;\n  background-color: rgb(255,255,255);\n}\n#banner-1921055891 .banner-bg img {\n  object-position: 61% 60%;\n}\n<\/style>\n  <\/div>\n\n\n\t\t<\/div>\n\t\t\t\t\t<\/div>\n\n\t\n\n\t<div id=\"col-66875892\" class=\"col medium-6 small-12 large-6\"  >\n\t\t\t\t<div class=\"col-inner\"  >\n\t\t\t\n\t\t\t\n<h3>Contact and availability<\/h3>\n<p data-start=\"883\" data-end=\"982\">Our headquarters is located in Sz\u00e9kesfeh\u00e9rv\u00e1r, where we also receive our customers in person. Our contact information:<\/p>\n<ul data-start=\"984\" data-end=\"1157\">\n<li data-start=\"984\" data-end=\"1029\">Phone: +36-20\/9-315-313, +36-70\/4-085-476<\/li>\n<li data-start=\"1030\" data-end=\"1091\">E-mail: <a rel=\"noopener\" data-start=\"1040\" data-end=\"1062\">inox@inoxtechnology.hu<\/a>, <a rel=\"noopener\" data-start=\"1064\" data-end=\"1091\">inoxtechnologykft@gmail.com<\/a><\/li>\n<li data-start=\"1092\" data-end=\"1157\">Office\/customer reception: 8000 Sz\u00e9kesfeh\u00e9rv\u00e1r, R\u00e1ba utca\/K\u00f6r\u00f6si utca<\/li>\n<\/ul>\n<p data-start=\"1159\" data-end=\"1390\">Opening hours: Monday to Thursday 8:00\u201316:00, Friday 8:00\u201315:00. For more information, please visit our website or contact us at one of the above contact details.<\/p>\n<\/p>\n\t\t<\/div>\n\t\t\t\t\t<\/div>\n\n\t\n<\/div>\n\t<div id=\"gap-1769915354\" class=\"gap-element clearfix\" style=\"display:block; height:auto;\">\n\t\t\n<style>\n#gap-1769915354 {\n  padding-top: 30px;\n}\n<\/style>\n\t<\/div>\n\t\n\t\t<\/div>\n\n\t\t\n<style>\n#section_1853819664 {\n  padding-top: 20px 0px 0px 0px;\n  padding-bottom: 20px 0px 0px 0px;\n}\n<\/style>\n\t<\/section>\n\t\n","protected":false},"excerpt":{"rendered":"","protected":false},"author":1,"featured_media":0,"parent":0,"menu_order":0,"comment_status":"closed","ping_status":"closed","template":"page-blank.php","meta":{"footnotes":""},"class_list":["post-963","page","type-page","status-publish","hentry"],"_links":{"self":[{"href":"https:\/\/inoxtechnology.hu\/index.php\/wp-json\/wp\/v2\/pages\/963","targetHints":{"allow":["GET"]}}],"collection":[{"href":"https:\/\/inoxtechnology.hu\/index.php\/wp-json\/wp\/v2\/pages"}],"about":[{"href":"https:\/\/inoxtechnology.hu\/index.php\/wp-json\/wp\/v2\/types\/page"}],"author":[{"embeddable":true,"href":"https:\/\/inoxtechnology.hu\/index.php\/wp-json\/wp\/v2\/users\/1"}],"replies":[{"embeddable":true,"href":"https:\/\/inoxtechnology.hu\/index.php\/wp-json\/wp\/v2\/comments?post=963"}],"version-history":[{"count":2,"href":"https:\/\/inoxtechnology.hu\/index.php\/wp-json\/wp\/v2\/pages\/963\/revisions"}],"predecessor-version":[{"id":973,"href":"https:\/\/inoxtechnology.hu\/index.php\/wp-json\/wp\/v2\/pages\/963\/revisions\/973"}],"wp:attachment":[{"href":"https:\/\/inoxtechnology.hu\/index.php\/wp-json\/wp\/v2\/media?parent=963"}],"curies":[{"name":"wp","href":"https:\/\/api.w.org\/{rel}","templated":true}]}}