{"id":111,"date":"2024-12-12T16:08:16","date_gmt":"2024-12-12T16:08:16","guid":{"rendered":"https:\/\/pkl.cegem360.hu\/?page_id=111"},"modified":"2026-04-16T11:53:57","modified_gmt":"2026-04-16T11:53:57","slug":"legterelo-gyartas","status":"publish","type":"page","link":"https:\/\/inoxtechnology.hu\/index.php\/legterelo-gyartas\/","title":{"rendered":"L\u00e9gterel\u0151 gy\u00e1rt\u00e1s"},"content":{"rendered":"\n  <div class=\"banner has-hover\" id=\"banner-1411346219\">\n          <div class=\"banner-inner fill\">\n        <div class=\"banner-bg fill\" >\n            <img loading=\"lazy\" decoding=\"async\" width=\"2000\" height=\"1333\" src=\"https:\/\/inoxtechnology.hu\/wp-content\/uploads\/2025\/02\/the-air-conditioning-and-ventilation-system-of-a-l-2024-12-07-12-09-52-utc.webp\" class=\"bg attachment-original size-original\" alt=\"\" \/>                        <div class=\"overlay\"><\/div>            \n                    <\/div>\n\t\t\n        <div class=\"banner-layers container\">\n            <div class=\"fill banner-link\"><\/div>            \n   <div id=\"text-box-1593963479\" class=\"text-box banner-layer x10 md-x10 lg-x0 y50 md-y50 lg-y50 res-text\">\n                                <div class=\"text-box-content text dark\">\n              \n              <div class=\"text-inner text-left\">\n                  \n<h2 class=\"uppercase\"><strong>Ipari L\u00e9gkezel\u0151 gy\u00e1rt\u00e1sa \u00e9s forgalmaz\u00e1sa<\/strong><\/h2>\n\t<div id=\"gap-197477755\" class=\"gap-element clearfix\" style=\"display:block; height:auto;\">\n\t\t\n<style>\n#gap-197477755 {\n  padding-top: 15px;\n}\n<\/style>\n\t<\/div>\n\t\n              <\/div>\n           <\/div>\n                            \n<style>\n#text-box-1593963479 {\n  width: 85%;\n}\n#text-box-1593963479 .text-box-content {\n  font-size: 100%;\n}\n@media (min-width:550px) {\n  #text-box-1593963479 {\n    width: 56%;\n  }\n}\n@media (min-width:850px) {\n  #text-box-1593963479 {\n    width: 78%;\n  }\n}\n<\/style>\n    <\/div>\n \n        <\/div>\n      <\/div>\n\n            \n<style>\n#banner-1411346219 {\n  padding-top: 300px;\n}\n#banner-1411346219 .overlay {\n  background-color: rgba(0,0,0,.5);\n}\n#banner-1411346219 .banner-bg img {\n  object-position: 89% 56%;\n}\n@media (min-width:550px) {\n  #banner-1411346219 {\n    padding-top: 300px;\n  }\n}\n<\/style>\n  <\/div>\n\n\n\t<div id=\"gap-1958093785\" class=\"gap-element clearfix\" style=\"display:block; height:auto;\">\n\t\t\n<style>\n#gap-1958093785 {\n  padding-top: 90px;\n}\n<\/style>\n\t<\/div>\n\t\n\n\t<section class=\"section\" id=\"section_694932823\">\n\t\t<div class=\"section-bg fill\" >\n\t\t\t\t\t\t\t\t\t\n\t\t\t\n\n\t\t<\/div>\n\n\t\t\n\n\t\t<div class=\"section-content relative\">\n\t\t\t\n<div class=\"row\"  id=\"row-1898376128\">\n\n\t<div id=\"col-549374329\" class=\"col medium-6 small-12 large-6\"  >\n\t\t\t\t<div class=\"col-inner\"  >\n\t\t\t\n\t\t\t\n\t<div id=\"text-3220525029\" class=\"text\">\n\t\t\n<p>Az <strong>INOX Technology Kft.<\/strong>\u00a0 egy\u00fctt m\u0171k\u00f6dve a Pakole Szerviz Kft-vel gy\u00e1rtja \u00e9s forgalmazza az <strong>ILK ipari l\u00e9gtiszt\u00edt\u00f3 berendez\u00e9st.<\/strong> A berendez\u00e9s ipari k\u00f6rnyezetbe sz\u00e1nt mobil l\u00e9gtiszt\u00edt\u00f3 g\u00e9p, mely n\u00e9gy sz\u0171r\u00e9si szinttel seg\u00edti pl a hegeszt\u0151 m\u0171helyek, lakatos \u00fczemek, mez\u0151gazdas\u00e1gi \u00fczemek, rakt\u00e1rak stb. er\u0151sen szennyezett k\u00f6rnyezet\u00e9nek karbantart\u00e1s\u00e1t.<\/p>\n<p>Mott\u00f3nk: A tiszta leveg\u0151 mindenkinek j\u00e1r&#8230;\u00a0<\/p>\n\t\t\n<style>\n#text-3220525029 {\n  font-size: 1.25rem;\n}\n<\/style>\n\t<\/div>\n\t\n\t<div id=\"gap-915246790\" class=\"gap-element clearfix\" style=\"display:block; height:auto;\">\n\t\t\n<style>\n#gap-915246790 {\n  padding-top: 30px;\n}\n<\/style>\n\t<\/div>\n\t\n\t\t<\/div>\n\t\t\t\t\t<\/div>\n\n\t\n\n\t<div id=\"col-1140167979\" class=\"col medium-6 small-12 large-6 small-col-first\"  >\n\t\t\t\t<div class=\"col-inner\"  >\n\t\t\t\n\t\t\t\n\n  <div class=\"banner has-hover fancy-banner-right\" id=\"banner-1931299929\">\n          <div class=\"banner-inner fill\">\n        <div class=\"banner-bg fill\" >\n            <img loading=\"lazy\" decoding=\"async\" width=\"2245\" height=\"2560\" src=\"https:\/\/inoxtechnology.hu\/wp-content\/uploads\/2026\/04\/ILK-Honlap-scaled.jpg\" class=\"bg attachment-original size-original\" alt=\"\" \/>                                    \n                    <\/div>\n\t\t\n        <div class=\"banner-layers container\">\n            <div class=\"fill banner-link\"><\/div>            \n   <div id=\"text-box-1349909555\" class=\"text-box banner-layer x50 md-x50 lg-x50 y50 md-y50 lg-y50 res-text\">\n                                <div class=\"text-box-content text dark\">\n              \n              <div class=\"text-inner text-center\">\n                  \n              <\/div>\n           <\/div>\n                            \n<style>\n#text-box-1349909555 {\n  width: 60%;\n}\n#text-box-1349909555 .text-box-content {\n  font-size: 100%;\n}\n@media (min-width:550px) {\n  #text-box-1349909555 {\n    width: 60%;\n  }\n}\n<\/style>\n    <\/div>\n \n        <\/div>\n      <\/div>\n\n            \n<style>\n#banner-1931299929 {\n  padding-top: 340px;\n  background-color: rgb(255,255,255);\n}\n#banner-1931299929 .banner-bg img {\n  object-position: 54% 32%;\n}\n<\/style>\n  <\/div>\n\n\n\t\t<\/div>\n\t\t\t\t\n<style>\n#col-1140167979 > .col-inner {\n  padding: 0px 0px 0px 60px;\n}\n<\/style>\n\t<\/div>\n\n\t\n<\/div>\n\t<div id=\"gap-748960347\" class=\"gap-element clearfix\" style=\"display:block; height:auto;\">\n\t\t\n<style>\n#gap-748960347 {\n  padding-top: 30px;\n}\n<\/style>\n\t<\/div>\n\t\n<div class=\"row\"  id=\"row-1849870532\">\n\n\t<div id=\"col-787036955\" class=\"col medium-6 small-12 large-6\"  >\n\t\t\t\t<div class=\"col-inner\"  >\n\t\t\t\n\t\t\t\n\n  <div class=\"banner has-hover fancy-banner-right\" id=\"banner-906469603\">\n          <div class=\"banner-inner fill\">\n        <div class=\"banner-bg fill\" >\n            <img loading=\"lazy\" decoding=\"async\" width=\"775\" height=\"1521\" src=\"https:\/\/inoxtechnology.hu\/wp-content\/uploads\/2026\/04\/ILK-szurok-Honlap.jpg\" class=\"bg attachment-original size-original\" alt=\"\" \/>                                    \n                    <\/div>\n\t\t\n        <div class=\"banner-layers container\">\n            <div class=\"fill banner-link\"><\/div>            \n   <div id=\"text-box-2091369160\" class=\"text-box banner-layer x50 md-x50 lg-x50 y50 md-y50 lg-y50 res-text\">\n                                <div class=\"text-box-content text dark\">\n              \n              <div class=\"text-inner text-center\">\n                  \n              <\/div>\n           <\/div>\n                            \n<style>\n#text-box-2091369160 {\n  width: 60%;\n}\n#text-box-2091369160 .text-box-content {\n  font-size: 100%;\n}\n@media (min-width:550px) {\n  #text-box-2091369160 {\n    width: 60%;\n  }\n}\n<\/style>\n    <\/div>\n \n        <\/div>\n      <\/div>\n\n            \n<style>\n#banner-906469603 {\n  padding-top: 340px;\n  background-color: rgb(255,255,255);\n}\n#banner-906469603 .banner-bg img {\n  object-position: 6% 93%;\n}\n<\/style>\n  <\/div>\n\n\n\t\t<\/div>\n\t\t\t\t\n<style>\n#col-787036955 > .col-inner {\n  padding: 0px 60px 0px 0px;\n}\n<\/style>\n\t<\/div>\n\n\t\n\n\t<div id=\"col-1200199999\" class=\"col medium-6 small-12 large-6\"  >\n\t\t\t\t<div class=\"col-inner\"  >\n\t\t\t\n\t\t\t\n\t<div id=\"text-2615299695\" class=\"text\">\n\t\t\n<h3>K\u00fcl\u00f6nf\u00e9le sz\u0171r\u00e9si megold\u00e1sok az <strong>ILK-5000 EVO<\/strong>-ban<\/h3>\n<p>Technol\u00f3giai megold\u00e1sunk lehet\u0151v\u00e9 teszi, hogy a berendez\u00e9sben <strong>n\u00e9gy l\u00e9pcs\u0151s sz\u0171r\u00e9st<\/strong> alkalmazzunk, \u00fcgyf\u00e9lig\u00e9ny eset\u00e9n ak\u00e1r antibakteriz\u00e1ci\u00f3s kieg\u00e9sz\u00edt\u00e9s be\u00e9p\u00edt\u00e9s\u00e9vel.<\/p>\n<p>Alap<strong> sz\u0171r\u00e9sk\u00e9nt<\/strong> a berendez\u00e9s tartalmaz G3-G4 el\u0151sz\u0171r\u00e9st, HEPA sz\u0171r\u00e9st, Zs\u00e1kos porlev\u00e1lszt\u00e1st, \u00e9s a f\u00fcst\u0151k \u00e9s g\u00e1zok sz\u0171r\u00e9s\u00e9re egy nagym\u00e9ret\u0171 aktivszenes sz\u0171r\u00e9st.<\/p>\n\t\t\n<style>\n#text-2615299695 {\n  font-size: 1.25rem;\n}\n<\/style>\n\t<\/div>\n\t\n\t<div id=\"gap-676026950\" class=\"gap-element clearfix\" style=\"display:block; height:auto;\">\n\t\t\n<style>\n#gap-676026950 {\n  padding-top: 30px;\n}\n<\/style>\n\t<\/div>\n\t\n\t\t<\/div>\n\t\t\t\t\t<\/div>\n\n\t\n<\/div>\n\t<div id=\"gap-680448080\" class=\"gap-element clearfix\" style=\"display:block; height:auto;\">\n\t\t\n<style>\n#gap-680448080 {\n  padding-top: 30px;\n}\n<\/style>\n\t<\/div>\n\t\n<div class=\"row\"  id=\"row-266979058\">\n\n\t<div id=\"col-1386821556\" class=\"col medium-6 small-12 large-6\"  >\n\t\t\t\t<div class=\"col-inner\"  >\n\t\t\t\n\t\t\t\n\t<div id=\"text-1783076122\" class=\"text\">\n\t\t\n<h3>M\u00e9retez\u00e9st\u0151l a kiszolg\u00e1l\u00e1sig \u00fcgyf\u00e9lk\u00f6zpont\u00fa megold\u00e1sokkal seg\u00edtj\u00fck az optim\u00e1lis kialak\u00edt\u00e1st&#8230;<\/h3>\n<p>C\u00e9g\u00fcnk elk\u00f6telezett a<strong> lehet\u0151 legjobb megold\u00e1sok<\/strong> megtal\u00e1l\u00e1s\u00e1ban, mivel ez adja \u00fcgyfeleink el\u00e9gedetts\u00e9g\u00e9t. Fontos sz\u00e1munkra, hogy ne csak eladjuk a term\u00e9k\u00fcnket, hanem el\u00e9gedetts\u00e9get is adjunk megrendel\u0151inknek. Ezzel a berendez\u00e9seel<strong> maxim\u00e1lis \u00fcgyf\u00e9lel\u00e9gedetts\u00e9get \u00e9rt\u00fcnk el<\/strong> eddig. Seg\u00edtj\u00fck \u00fcgyfeleinket a<strong> folyamatos \u00fczemeltet\u00e9sben<\/strong> is, \u00edgy a rendszeres <strong>karbantart\u00e1st<\/strong> \u00e9s a <strong>sz\u0171r\u0151k szakszer\u0171 cser\u00e9j\u00e9t<\/strong> is elv\u00e9gezz\u00fcnk kedvez\u0151 felt\u00e9telek mellett.\u00a0<\/p>\n\t\t\n<style>\n#text-1783076122 {\n  font-size: 1.25rem;\n}\n<\/style>\n\t<\/div>\n\t\n\t<div id=\"gap-727229387\" class=\"gap-element clearfix\" style=\"display:block; height:auto;\">\n\t\t\n<style>\n#gap-727229387 {\n  padding-top: 30px;\n}\n<\/style>\n\t<\/div>\n\t\n\t\t<\/div>\n\t\t\t\t\t<\/div>\n\n\t\n\n\t<div id=\"col-309237808\" class=\"col medium-6 small-12 large-6 small-col-first\"  >\n\t\t\t\t<div class=\"col-inner\"  >\n\t\t\t\n\t\t\t\n\n  <div class=\"banner has-hover fancy-banner-right\" id=\"banner-523016927\">\n          <div class=\"banner-inner fill\">\n        <div class=\"banner-bg fill\" >\n            <img loading=\"lazy\" decoding=\"async\" width=\"835\" height=\"617\" src=\"https:\/\/inoxtechnology.hu\/wp-content\/uploads\/2026\/04\/ILK-szurok-3-Honlap.jpg\" class=\"bg attachment-original size-original\" alt=\"\" \/>                                    \n                    <\/div>\n\t\t\n        <div class=\"banner-layers container\">\n            <div class=\"fill banner-link\"><\/div>            \n   <div id=\"text-box-1741025341\" class=\"text-box banner-layer x50 md-x50 lg-x50 y50 md-y50 lg-y50 res-text\">\n                                <div class=\"text-box-content text dark\">\n              \n              <div class=\"text-inner text-center\">\n                  \n              <\/div>\n           <\/div>\n                            \n<style>\n#text-box-1741025341 {\n  width: 60%;\n}\n#text-box-1741025341 .text-box-content {\n  font-size: 100%;\n}\n@media (min-width:550px) {\n  #text-box-1741025341 {\n    width: 60%;\n  }\n}\n<\/style>\n    <\/div>\n \n        <\/div>\n      <\/div>\n\n            \n<style>\n#banner-523016927 {\n  padding-top: 340px;\n  background-color: rgb(255,255,255);\n}\n#banner-523016927 .banner-bg img {\n  object-position: 56% 15%;\n}\n<\/style>\n  <\/div>\n\n\n\t\t<\/div>\n\t\t\t\t\n<style>\n#col-309237808 > .col-inner {\n  padding: 0px 0px 0px 60px;\n}\n<\/style>\n\t<\/div>\n\n\t\n<\/div>\n\t<div id=\"gap-1753129488\" class=\"gap-element clearfix\" style=\"display:block; height:auto;\">\n\t\t\n<style>\n#gap-1753129488 {\n  padding-top: 30px;\n}\n<\/style>\n\t<\/div>\n\t\n<div class=\"row\"  id=\"row-257998507\">\n\n\t<div id=\"col-1827232222\" class=\"col medium-6 small-12 large-6\"  >\n\t\t\t\t<div class=\"col-inner\"  >\n\t\t\t\n\t\t\t\n\n  <div class=\"banner has-hover fancy-banner-right\" id=\"banner-127219880\">\n          <div class=\"banner-inner fill\">\n        <div class=\"banner-bg fill\" >\n            <img loading=\"lazy\" decoding=\"async\" width=\"882\" height=\"616\" src=\"https:\/\/inoxtechnology.hu\/wp-content\/uploads\/2026\/04\/ILK-jovokep-Honlap.jpg\" class=\"bg attachment-original size-original\" alt=\"\" \/>                                    \n                    <\/div>\n\t\t\n        <div class=\"banner-layers container\">\n            <div class=\"fill banner-link\"><\/div>            \n   <div id=\"text-box-1021553790\" class=\"text-box banner-layer x50 md-x50 lg-x50 y50 md-y50 lg-y50 res-text\">\n                                <div class=\"text-box-content text dark\">\n              \n              <div class=\"text-inner text-center\">\n                  \n              <\/div>\n           <\/div>\n                            \n<style>\n#text-box-1021553790 {\n  width: 60%;\n}\n#text-box-1021553790 .text-box-content {\n  font-size: 100%;\n}\n@media (min-width:550px) {\n  #text-box-1021553790 {\n    width: 60%;\n  }\n}\n<\/style>\n    <\/div>\n \n        <\/div>\n      <\/div>\n\n            \n<style>\n#banner-127219880 {\n  padding-top: 340px;\n  background-color: rgb(255,255,255);\n}\n#banner-127219880 .banner-bg img {\n  object-position: 74% 47%;\n}\n<\/style>\n  <\/div>\n\n\n\t\t<\/div>\n\t\t\t\t\n<style>\n#col-1827232222 > .col-inner {\n  padding: 0px 60px 0px 0px;\n}\n<\/style>\n\t<\/div>\n\n\t\n\n\t<div id=\"col-1580675912\" class=\"col medium-6 small-12 large-6\"  >\n\t\t\t\t<div class=\"col-inner\"  >\n\t\t\t\n\t\t\t\n\t<div id=\"text-2112503862\" class=\"text\">\n\t\t\n<h3>L\u00e9pjen kapcsolatba vel\u00fcnk, \u00e9s n\u00e9zze meg berendez\u00e9s\u00fcnket!<\/h3>\n<p>Amennyiben felkeltette \u00e9rdekl\u0151d\u00e9s\u00e9t az <strong>ILK 500 EVO<\/strong>, k\u00e9rem keresse benn\u00fcnket, lehet\u0151s\u00e9get biztos\u00edtunk<strong> haszn\u00e1lat k\u00f6zben<\/strong> is a berendez\u00e9sek megtekint\u00e9s\u00e9re.\u00a0<\/p>\n<p><strong>Tov\u00e1bb\u00e1 tekintse meg r\u00e9szletes bemutatonkat a <a href=\"https:\/\/ilk.pakole.hu\">https:\/\/ilk.pakole.hu<\/a>\/ oldalon.<\/strong><\/p>\n\t\t\n<style>\n#text-2112503862 {\n  font-size: 1.25rem;\n}\n<\/style>\n\t<\/div>\n\t\n\t<div id=\"gap-522797635\" class=\"gap-element clearfix\" style=\"display:block; height:auto;\">\n\t\t\n<style>\n#gap-522797635 {\n  padding-top: 30px;\n}\n<\/style>\n\t<\/div>\n\t\n\t\t<\/div>\n\t\t\t\t\t<\/div>\n\n\t\n<\/div>\n\t<div id=\"gap-11758667\" class=\"gap-element clearfix\" style=\"display:block; height:auto;\">\n\t\t\n<style>\n#gap-11758667 {\n  padding-top: 30px;\n}\n<\/style>\n\t<\/div>\n\t\n\t<div id=\"gap-992909649\" class=\"gap-element clearfix\" style=\"display:block; height:auto;\">\n\t\t\n<style>\n#gap-992909649 {\n  padding-top: 30px;\n}\n<\/style>\n\t<\/div>\n\t\n\t\t<\/div>\n\n\t\t\n<style>\n#section_694932823 {\n  padding-top: 0px;\n  padding-bottom: 0px;\n}\n<\/style>\n\t<\/section>\n\t\n\n","protected":false},"excerpt":{"rendered":"","protected":false},"author":1,"featured_media":0,"parent":0,"menu_order":0,"comment_status":"closed","ping_status":"closed","template":"page-blank.php","meta":{"footnotes":""},"class_list":["post-111","page","type-page","status-publish","hentry"],"_links":{"self":[{"href":"https:\/\/inoxtechnology.hu\/index.php\/wp-json\/wp\/v2\/pages\/111","targetHints":{"allow":["GET"]}}],"collection":[{"href":"https:\/\/inoxtechnology.hu\/index.php\/wp-json\/wp\/v2\/pages"}],"about":[{"href":"https:\/\/inoxtechnology.hu\/index.php\/wp-json\/wp\/v2\/types\/page"}],"author":[{"embeddable":true,"href":"https:\/\/inoxtechnology.hu\/index.php\/wp-json\/wp\/v2\/users\/1"}],"replies":[{"embeddable":true,"href":"https:\/\/inoxtechnology.hu\/index.php\/wp-json\/wp\/v2\/comments?post=111"}],"version-history":[{"count":19,"href":"https:\/\/inoxtechnology.hu\/index.php\/wp-json\/wp\/v2\/pages\/111\/revisions"}],"predecessor-version":[{"id":1054,"href":"https:\/\/inoxtechnology.hu\/index.php\/wp-json\/wp\/v2\/pages\/111\/revisions\/1054"}],"wp:attachment":[{"href":"https:\/\/inoxtechnology.hu\/index.php\/wp-json\/wp\/v2\/media?parent=111"}],"curies":[{"name":"wp","href":"https:\/\/api.w.org\/{rel}","templated":true}]}}